(5). Let r(z) = y*u(z) - 6*a(z). What is r(7)?
7
Let t(d) = d + 11. Let c(r) = -r**3 - 6*r**2 - 8*r - 13. Suppose 3*w - 16 = 3*y + 4*w, -w = -4*y - 12. Let i be c(y). What is t(i)?
-2
Suppose -2*a + k = -0*a - 12, 6 = a - 5*k. Suppose 2*j = 5*j - a. Let l(u) = 27*u + 8 - u**j - 61*u + 33*u. Determine l(0).
8
Let m(k) be the second derivative of -k**5/10 - 7*k**4/12 - 2*k**3/3 - k**2 - 1316*k. What is m(-5)?
93
Let d(p) be the first derivative of -p**4/4 + 4*p**3 - 7*p**2 - 12*p + 2535. Determine d(10).
48
Let q be 3 + -6 - (-3 + 0). Suppose -l = 0, q = -2*o - 2*o + 2*l - 500. Let y = -126 - o. Let u(v) = -4*v**2. Give u(y).
-4
Let v(y) = 7*y**2 + 19*y + 20. Let u be v(-4). Suppose -61 - u = 9*q. Let h(o) = -o - 7. Calculate h(q).
6
Let d(h) = 8 - 96*h + 148*h - 57*h + 19. Give d(9).
-18
Let k(c) = -c**2 - 7*c - 6. Let z = -2272 - -2280. Let u(l) = 2*l**3 + 8*l**2 + 0*l + 1 - l - 3*l**3. Let y be u(z). Determine k(y).
-6
Let n(z) = 7*z**3 + 22*z**3 - 23*z**3 + 12*z**3 - 8*z**2 + 5*z**2 - 5*z - 3. Calculate n(-1).
-19
Suppose 3*m = -u - 3, 7*u = m + 12*u - 13. Let v(s) be the second derivative of s**5/20 - 2*s**3/3 - 3*s**2/2 - s. Determine v(m).
-3
Let h(k) = k**3 + k**2 + 2*k + 3. Let n(d) = -d**2. Let p(f) = h(f) - 6*n(f). Suppose 0 = 10*q + 30 + 51 - 11. Determine p(q).
-11
Let j(n) = -7*n - 8. Let y(v) = 8*v + 9. Let f(u) = -7*j(u) - 6*y(u). Let g = -78 - -144. Let b = -70 + g. Calculate f(b).
-2
Let t(b) = -b**3 + 55*b**2 - 160*b + 193. Let x be t(52). Let s(i) = -2*i**2 - 39*i - 144. Calculate s(x).
-9
Let d(u) be the first derivative of -u**3/6 + u**2 + 4*u + 41. Let p(c) be the first derivative of d(c). Calculate p(-3).
5
Let f be (-1 - -1)*(-3)/6. Suppose -3*l + 70 = -d, 5*d - 2*d + 5*l + 196 = f. Let t = -62 - d. Let j(v) = -v**3 + 5*v**2 + v - 3. What is j(t)?
2
Let t(f) be the second derivative of -7*f**3/6 + 22*f**2 - 12*f + 30. Calculate t(7).
-5
Let f(y) = -66*y - 158. Let b be f(-9). Let o = 439 - b. Let s(l) = 2*l**3 - 4*l**2 - 2. Determine s(o).
16
Let v(m) = -m**2 - 9*m - 12. Let c = 4 - 12. What is v(c)?
-4
Let d(k) be the second derivative of k**5/20 - k**4/6 - k**3/3 + k**2 - k. Let i = -531 - -209. Let l = i + 320. Give d(l).
-10
Let t(j) = j + 7. Let i be 6/12 - 2/(-8) - (-860)/(-80). Give t(i).
-3
Suppose -j = 4*n - 28, 3*n + 129 = 144. Let s(k) = 7*k**2 - 2*k. Let h(p) = 15*p**2 - 3*p + 1. Let b(c) = -6*h(c) + 13*s(c). What is b(j)?
-6
Suppose 10 = -4*f + 34. Let z(a) = -20 + 14 + 2*a - f + 14. Give z(-8).
-14
Let k(s) = 2*s**3 + 4*s**2 + 4*s + 4. Suppose v + 8 = 3*b, v + 1 + 4 = 2*b. Suppose 249 = -b*u + 243. Calculate k(u).
-4
Let b(s) be the first derivative of -7*s**2/2 - 2*s - 1920. What is b(3)?
-23
Let c(n) = -n**3 - 9*n**2 - 10*n - 10. Let i = -172 - -178. Let d be -1 + (-8 - -3)/5 - i. Give c(d).
6
Let x(q) = 10*q - 136. Suppose -1 = -2*g + 2*w + 19, -g = 5*w - 34. Let c be x(g). Let a(j) = -j**3 + 5*j**2 - 3*j. Determine a(c).
4
Let h(i) = -i + 18. Let m(a) = -4*a**2 + 36*a + 164. Let q be m(12). Calculate h(q).
-2
Let m be (-12 + 333/27)*(-2 - -11). Let z(x) = -2*x + 2. Determine z(m).
-4
Let c(v) = v**2 + 9*v + 8. Suppose -3*l - 2*a = -23, 8*a - 4 = 7*a. Let r(y) = -y. Let m(k) = 7*k - 10. Let z(f) = l*r(f) + m(f). Let b be z(1). Determine c(b).
0
Suppose 150 = -113*k + 128*k. Let s(c) = c**3 - 11*c**2 + 16*c - 14. Give s(k).
46
Suppose 0*p + 20 = 5*p. Let i(c) = 0 + p - 3 + c - 5. Let h be (-5 + -1 + 10)/(32/56). What is i(h)?
3
Let v(a) be the third derivative of a**4/8 + 2*a**3/3 + a**2 - 5*a. Suppose -3*o + 5*t = 14, t - 2 = o + 2. Calculate v(o).
-5
Let h(t) = -t**2 + 19*t + 1. Let m(r) = -r**2 + 4*r + 41. Let z be m(7). Determine h(z).
-19
Suppose 2*a - 1 - 2 = -x, 3*a - 9 = 3*x. Suppose a*y + 0*y = 3*h + 16, 5*y + 3*h + 2 = 0. Let o(c) = 2*c - 1 + 30*c**y + 31*c**2 - 64*c**2. Determine o(1).
-2
Let u(b) = 7*b + 74. Let y(f) = -f**3 - 84*f**2 + 102*f + 1431. Let k be y(-85). Determine u(k).
-24
Suppose -4*v + 1 = -k, 3023*v = 3*k + 3025*v - 25. Let m(o) = -o**2 + 2*o + 2. Let b(i) = i + 1. Let s(q) = 3*b(q) + m(q). Determine s(k).
-9
Let q = 36 + 23. Let y = 54 - q. Let h(d) = -2*d**2 - 7*d - 1. Calculate h(y).
-16
Let r(d) = -14. Let s(p) = 19*p - 65. Let f(j) = -5*r(j) + s(j). Give f(0).
5
Let t(b) = b**3 + 23*b**2 - 54. Let f be t(-23). Let c = 14 + f. Let x be c/12 + (-4)/(-12). Let r(s) = s**2 + 4*s + 4. Calculate r(x).
1
Let i = 41 + -115. Let p = i - -78. Let t(d) = -7*d**2 + p*d - 10*d**2 - 2 + 13*d**2. What is t(2)?
-10
Let f be 3 - 0 - (-8)/(-3 + -5). Let g(r) = -r**3 + 2*r**2 + 3*r - 3. Let m be g(f). Let k(z) = z**2 + 3. What is k(m)?
12
Suppose 0 = 7*o - 3*o - 160. Let v(z) = -4*z - 19 + z**2 + o - 18. Give v(3).
0
Let l(y) = -4*y**2 - 34*y + 13. Let x = 27844 + -27854. Give l(x).
-47
Let a(q) be the second derivative of -1/2*q**2 - 2*q + 0 + 1/3*q**3 + 1/12*q**4. Suppose 0 = 37*r + 8*r - 70 + 205. Determine a(r).
2
Let w(t) = -2*t**3 + 150*t**2 - 293*t + 76. Let z be w(73). Let j(p) = -p + 13. What is j(z)?
10
Suppose 3*j = t - 583, -4*j + 1116 = 4*t - 2*t. Let a = t + -570. Let w(n) = 13*n - 1. Determine w(a).
-27
Let u(h) = h**2 + 25*h + 60. Let g be u(-24). Let v(r) = 29*r - g*r - 2 - 3. Determine v(-5).
30
Suppose 0 = 5*n - 5, u + 9*n + 17 = 8*n. Let d(z) = -z**3 - 19*z**2 - 18*z - 5. Calculate d(u).
-5
Let z(g) = -g**2 - 2*g + 1. Let r be z(-2). Let b(t) be the first derivative of -2*t**2 + t - 1261. Give b(r).
-3
Let p(k) = 3*k - 85. Let q = -17302 - -17342. Determine p(q).
35
Let o be (5/15 - 0) + (-5)/(-3). Let v(p) = 3*p**2 - 2*p**2 - 3024 + 3024. Let g(m) = -3*m**2 - m - 1. Let q(j) = -g(j) - 2*v(j). Calculate q(o).
7
Let p(r) = 4*r - 5*r + 21251*r**2 + 3 + 4*r - 21250*r**2. Determine p(2).
13
Let x = -23236 + 23228. Let w(h) = 8*h**2 - 4 - 3*h + 1 + h**3 - 8. Calculate w(x).
13
Let g = -855 - -465. Let l = 494 + -475. Let p be (-2)/l + g/(-95). Let b(m) = -m - 1. Determine b(p).
-5
Suppose -9 = -c - 0*c + 3*a, 4*a = 2*c - 12. Suppose -3*p + 2*s = -11, -5*s - 2 = p - c*s. Let k(g) = -g + p*g + 4*g - 5 - 5*g. Determine k(4).
-1
Let v(i) = -i**3 + 10*i**2 - 1. Let p(q) = q**2 - 14*q - 5. Let d be p(13). Let s be (d/24)/((-3)/24). Let k be s*(-5)/25*50/(-6). Determine v(k).
-1
Suppose -11*n + 5*n = 0. Let c(t) = -90*t - 6 + 85*t + n. Determine c(-4).
14
Let g(z) be the first derivative of -z**5/60 + z**4/12 - z**3/6 + 72*z**2 + 25. Let f(t) be the second derivative of g(t). Calculate f(5).
-16
Let j(m) = -5*m**2 - 18*m + 5. Let c = 15569 - 15573. Determine j(c).
-3
Suppose 93 = 8*t - 27. Suppose -w + 3*u + 1 = -12, -3*w + u = -t. Let f(q) = q**2 - 5*q + 2. Determine f(w).
-2
Let t(d) = 396*d**2 + 1449*d - 395*d**2 + 4 - 1454*d. Determine t(5).
4
Let y(s) = -3*s - 4. Let m(x) = x**2 + 5*x + 4. Let q be m(0). Suppose r + 10 = q*g, 18 = 2*r + r + 4*g. Determine y(r).
-10
Suppose 0 = -18*b + 26*b - 16. Let k(p) = p**2 - 9*p + 12*p + 0*p**2 - 4*p + b. Give k(6).
32
Let x(l) = 9 + 3*l + 8*l + 3*l - 33*l + 20*l. Calculate x(-2).
7
Suppose -36*t + 54 + 18 = 0. Suppose 0 = 2*y + t*d, 5*y - 13*d = -9*d - 27. Let r(j) = -j**2 + 1. Give r(y).
-8
Let k be -2 + 1 + (-12)/(-6). Let m(q) = -q. Let t(y) = y**3 - 3*y**2 + 3*y - 1. Let v(c) = k*m(c) - t(c). Let o = -13 + 16. What is v(o)?
-11
Let d be 8 + (-16 - -7) - -8. Let h(j) = d*j**2 - 7 + 10*j**2 - 24*j**2 + 6*j**2 - 6*j. What is h(-5)?
-2
Let o(w) = -2*w**2 + 3*w. Let p be o(4). Let c = 129 - 116. Let k = p + c. Let z(a) = -2*a - 5. Determine z(k).
9
Let n(g) = g + 2. Let a(m) = 6*m + 6. Let x(h) = -5*a(h) + 15*n(h). Let y(j) = -j**3 + j**2 - 2*j + 1. Let b be y(1). Give x(b).
15
Let z = -44 + 76. Suppose 0 = -4*o - y + 7, 0 = 4*o - 7*y + 3*y - z. Let l(w) = -165*w**2 - 2*w**3 + 158*w**2 + 3*w**3 + 2 + o*w. Give l(7).
23
Let g(y) = 17*y + 43. Let h(d) = 94*d + 211. Let q(p) = 11*g(p) - 2*h(p). Calculate q(25).
26
Suppose 30*y = 31*y - 17. Suppose 0 = y*j - 19*j + 6. Suppose b = -j*k - k - 36, -3*k - 8 = -4*b. Let h(u) = u**2 + 7*u + 9. Calculate h(k).
17
Suppose 2*x = x, 3*m + x - 12 = 0. Suppose 0 = 2*r - 2*w + m, -3*w = w - 8. Let o(v) be the first derivative of -v**2/2 - 5*v - 261. What is o(r)?
-5
Let n(d) = -181*d - 41. Let k(b) = -161*b - 38. Let o(r) = -9*k(r) + 8*n(r). Calculate o(1).
15
Let l(m) be the second derivative of 60*m